{"id":85,"date":"2014-06-02T15:26:05","date_gmt":"2014-06-02T15:26:05","guid":{"rendered":"http:\/\/wp.perlduekkers-seefahrt.de\/?page_id=85"},"modified":"2018-06-02T09:54:35","modified_gmt":"2018-06-02T09:54:35","slug":"rolling-home-seemannsbraeuche-shanties-und-die-faszination-der-grosssegler","status":"publish","type":"page","link":"https:\/\/perlduekkers-seefahrt.de\/?page_id=85","title":{"rendered":"ROLLING HOME &#8211; Seemannsbr\u00e4uche, Shanties und die Faszination der Gro\u00dfsegler!"},"content":{"rendered":"<p>Udo Brozio &amp; Manfred Mittelstedt<\/p>\n<p><img loading=\"lazy\" class=\"alignnone size-full wp-image-100\" alt=\"OLYMPUS DIGITAL CAMERA\" src=\"https:\/\/wp.perlduekkers-seefahrt.de\/wp-content\/uploads\/2014\/06\/rollinghome.jpg\" width=\"600\" height=\"800\" srcset=\"https:\/\/perlduekkers-seefahrt.de\/wp-content\/uploads\/2014\/06\/rollinghome.jpg 600w, https:\/\/perlduekkers-seefahrt.de\/wp-content\/uploads\/2014\/06\/rollinghome-225x300.jpg 225w\" sizes=\"(max-width: 600px) 100vw, 600px\" \/><\/p>\n<p style=\"text-align: justify;\">Shanties n\u00e4hrten fr\u00fcher wie heute romantische Vorstellungen von der Seefahrt.\u00a0Sie erinnern an die Zeit, als noch gro\u00dfe rahgetakelte Barken und Vollschiffe auf ihren monatelangen Reisen die Weltmeere durchpfl\u00fcgten.\u00a0Bei aller Unterschiedlichkeit der Seeleute auf den international bemannten Gro\u00dfseglern gab es an Bord eine Sprache, die alle verstanden: die Br\u00e4uche und Shanties, die Freud und Leid der Besatzungen begleiteten.\u00a0Die traditionellen Br\u00e4uche an Bord sind eng verkn\u00fcpft mit dem Gesang der Seeleute.\u00a0Das rhytmische Singen von Shanties begleitete die anstrengenden k\u00f6rperlichen Arbeiten, die m\u00fchevollen Runden der Matrosen am Gangspill zum Aufholen des Ankers oder die Arbeit an den Fallen zum Hei\u00dfen der gro\u00dfen Segel,\u00a0aber auch rituelle Br\u00e4uche wie die \u00c4quatortaufe der Neulinge an Bord oder das &#8222;Salpeterkreuz&#8220;, da\u00df Aufhei\u00dfen des letzten Salpetersacks einer Ladung.<\/p>\n<p><strong>ISBN:<\/strong>3-93461335-7<\/p>\n<p>2002, Convent Verlag GmbH, Hamburg<\/p>\n<ul>\n<li><a title=\"B\u00fccher\" href=\"https:\/\/perlduekkers-seefahrt.de\/?page_id=12\">zur\u00fcck zur \u00dcbersicht<\/a><\/li>\n<\/ul>\n","protected":false},"excerpt":{"rendered":"<p>Udo Brozio &amp; Manfred Mittelstedt Shanties n\u00e4hrten fr\u00fcher wie heute romantische Vorstellungen von der Seefahrt.\u00a0Sie erinnern an die Zeit, als noch gro\u00dfe rahgetakelte Barken und Vollschiffe auf ihren monatelangen Reisen die Weltmeere durchpfl\u00fcgten.\u00a0Bei aller Unterschiedlichkeit der Seeleute auf den international bemannten Gro\u00dfseglern gab es an Bord eine Sprache, die alle verstanden: die Br\u00e4uche und Shanties, [&hellip;]<\/p>\n","protected":false},"author":1,"featured_media":0,"parent":12,"menu_order":0,"comment_status":"closed","ping_status":"closed","template":"","meta":[],"_links":{"self":[{"href":"https:\/\/perlduekkers-seefahrt.de\/index.php?rest_route=\/wp\/v2\/pages\/85"}],"collection":[{"href":"https:\/\/perlduekkers-seefahrt.de\/index.php?rest_route=\/wp\/v2\/pages"}],"about":[{"href":"https:\/\/perlduekkers-seefahrt.de\/index.php?rest_route=\/wp\/v2\/types\/page"}],"author":[{"embeddable":true,"href":"https:\/\/perlduekkers-seefahrt.de\/index.php?rest_route=\/wp\/v2\/users\/1"}],"replies":[{"embeddable":true,"href":"https:\/\/perlduekkers-seefahrt.de\/index.php?rest_route=%2Fwp%2Fv2%2Fcomments&post=85"}],"version-history":[{"count":4,"href":"https:\/\/perlduekkers-seefahrt.de\/index.php?rest_route=\/wp\/v2\/pages\/85\/revisions"}],"predecessor-version":[{"id":35667,"href":"https:\/\/perlduekkers-seefahrt.de\/index.php?rest_route=\/wp\/v2\/pages\/85\/revisions\/35667"}],"up":[{"embeddable":true,"href":"https:\/\/perlduekkers-seefahrt.de\/index.php?rest_route=\/wp\/v2\/pages\/12"}],"wp:attachment":[{"href":"https:\/\/perlduekkers-seefahrt.de\/index.php?rest_route=%2Fwp%2Fv2%2Fmedia&parent=85"}],"curies":[{"name":"wp","href":"https:\/\/api.w.org\/{rel}","templated":true}]}}