{"id":81,"date":"2014-06-02T15:24:41","date_gmt":"2014-06-02T15:24:41","guid":{"rendered":"http:\/\/wp.perlduekkers-seefahrt.de\/?page_id=81"},"modified":"2018-06-02T09:53:34","modified_gmt":"2018-06-02T09:53:34","slug":"caribbean-feeling-und-ein-uraltes-spanisches-grab","status":"publish","type":"page","link":"https:\/\/perlduekkers-seefahrt.de\/?page_id=81","title":{"rendered":"CARIBBEAN FEELING UND EIN URALTES, SPANISCHES GRAB"},"content":{"rendered":"<p><img loading=\"lazy\" class=\"alignnone size-full wp-image-94\" alt=\"caribbean\" src=\"https:\/\/wp.perlduekkers-seefahrt.de\/wp-content\/uploads\/2014\/06\/caribbean.jpg\" width=\"600\" height=\"860\" srcset=\"https:\/\/perlduekkers-seefahrt.de\/wp-content\/uploads\/2014\/06\/caribbean.jpg 600w, https:\/\/perlduekkers-seefahrt.de\/wp-content\/uploads\/2014\/06\/caribbean-209x300.jpg 209w\" sizes=\"(max-width: 600px) 100vw, 600px\" \/><\/p>\n<p style=\"text-align: justify;\">Als Uwe, Kuddl, Carla und Klaus einfach mal wieder Urlaub machen wollen, geraten sie in die Suche nach einem imagin\u00e4ren Schatz spanischer Konquistadoren.\u00a0Dabei treffen sie mit gnadenlosen karibischen Piraten zusammen, die das Leben von Maria und Carla auf die brutalste Weise gef\u00e4hrden, woraufhin die ganze Angelegenheit zu eskalieren droht.\u00a0Da sehen sich Uwe und Kuddl gezwungen, noch einmal tief in ihre schon vergessen geglaubte GSG-9-Trickkistezu greifen.<\/p>\n<p style=\"text-align: justify;\"><span style=\"text-decoration: underline;\"><strong>Manchmal helfen sie tats\u00e4chlich, die kleinen, fiesen Tricks!<\/strong><\/span><\/p>\n<p><strong>ISBN:<\/strong>ISBN: 978-3-7357-9988-3<\/p>\n<p>Ver\u00f6ffentlicht durch BoD, im Februar 2014<\/p>\n<h4>Der Buchpreis betr\u00e4gt EUR 15,50<br \/>\nDer E-BOOK-Preis betr\u00e4gt EUR 9,49<\/h4>\n<p><span style=\"text-decoration: underline;\">Hier nun eine erste Rezension von Fr. H. Esch vom 19. Juli 1014:<\/span><\/p>\n<p><span style=\"text-decoration: underline;\"><strong>&#8222;Hat alles was ein Urlaubsroman braucht!&#8220;<\/strong><\/span><\/p>\n<p>Wenn man leichte Lekt\u00fcre sucht, vielleicht ein bi\u00dfchen im Stil von <strong>James Bond, <\/strong>ist man hier richtig. Das Buch liest sich locker weg und hat alles was ein Urlaubsroman ben\u00f6tigt: Sonne, Strand, exotische Umgebung, einen Schatz, B\u00f6sewichte (Piraten), mutige M\u00e4nner, starke Frauen und bescheidene Helden.<\/p>\n<p>Zwischendurch gibt es \u00fcberraschend detailliertes Fachwissen.<\/p>\n<p>Wer einen historisch tiefsch\u00fcrfenden Roman erwartet wird entt\u00e4uscht sein.<\/p>\n<p><strong>Wer sich aber einfach nur mit seinen Helden entspannen m\u00f6chte ohne sich zu belasten, dem kann ich dieses Buch nur empfehlen.<\/strong><\/p>\n<p>&nbsp;<\/p>\n<ul>\n<li><a title=\"Bestellung\" href=\"https:\/\/perlduekkers-seefahrt.de\/?page_id=14\">Hier gehts zur Bestellung<\/a><\/li>\n<li><a title=\"B\u00fccher\" href=\"https:\/\/perlduekkers-seefahrt.de\/?page_id=12\">zur\u00fcck zur \u00dcbersicht<\/a><\/li>\n<\/ul>\n","protected":false},"excerpt":{"rendered":"<p>Als Uwe, Kuddl, Carla und Klaus einfach mal wieder Urlaub machen wollen, geraten sie in die Suche nach einem imagin\u00e4ren Schatz spanischer Konquistadoren.\u00a0Dabei treffen sie mit gnadenlosen karibischen Piraten zusammen, die das Leben von Maria und Carla auf die brutalste Weise gef\u00e4hrden, woraufhin die ganze Angelegenheit zu eskalieren droht.\u00a0Da sehen sich Uwe und Kuddl gezwungen, [&hellip;]<\/p>\n","protected":false},"author":1,"featured_media":0,"parent":12,"menu_order":0,"comment_status":"closed","ping_status":"closed","template":"","meta":[],"_links":{"self":[{"href":"https:\/\/perlduekkers-seefahrt.de\/index.php?rest_route=\/wp\/v2\/pages\/81"}],"collection":[{"href":"https:\/\/perlduekkers-seefahrt.de\/index.php?rest_route=\/wp\/v2\/pages"}],"about":[{"href":"https:\/\/perlduekkers-seefahrt.de\/index.php?rest_route=\/wp\/v2\/types\/page"}],"author":[{"embeddable":true,"href":"https:\/\/perlduekkers-seefahrt.de\/index.php?rest_route=\/wp\/v2\/users\/1"}],"replies":[{"embeddable":true,"href":"https:\/\/perlduekkers-seefahrt.de\/index.php?rest_route=%2Fwp%2Fv2%2Fcomments&post=81"}],"version-history":[{"count":9,"href":"https:\/\/perlduekkers-seefahrt.de\/index.php?rest_route=\/wp\/v2\/pages\/81\/revisions"}],"predecessor-version":[{"id":35664,"href":"https:\/\/perlduekkers-seefahrt.de\/index.php?rest_route=\/wp\/v2\/pages\/81\/revisions\/35664"}],"up":[{"embeddable":true,"href":"https:\/\/perlduekkers-seefahrt.de\/index.php?rest_route=\/wp\/v2\/pages\/12"}],"wp:attachment":[{"href":"https:\/\/perlduekkers-seefahrt.de\/index.php?rest_route=%2Fwp%2Fv2%2Fmedia&parent=81"}],"curies":[{"name":"wp","href":"https:\/\/api.w.org\/{rel}","templated":true}]}}

<p><img loading="lazy" class="alignnone size-full wp-image-94" alt="caribbean" src="https://wp.perlduekkers-seefahrt.de/wp-content/uploads/2014/06/caribbean.jpg" width="600" height="860" srcset="https://perlduekkers-seefahrt.de/wp-content/uploads/2014/06/caribbean.jpg 600w, https://perlduekkers-seefahrt.de/wp-content/uploads/2014/06/caribbean-209x300.jpg 209w" sizes="(max-width: 600px) 100vw, 600px" /></p>
<p style="text-align: justify;">Als Uwe, Kuddl, Carla und Klaus einfach mal wieder Urlaub machen wollen, geraten sie in die Suche nach einem imaginären Schatz spanischer Konquistadoren. Dabei treffen sie mit gnadenlosen karibischen Piraten zusammen, die das Leben von Maria und Carla auf die brutalste Weise gefährden, woraufhin die ganze Angelegenheit zu eskalieren droht. Da sehen sich Uwe und Kuddl gezwungen, noch einmal tief in ihre schon vergessen geglaubte GSG-9-Trickkistezu greifen.</p>
<p style="text-align: justify;"><span style="text-decoration: underline;"><strong>Manchmal helfen sie tatsächlich, die kleinen, fiesen Tricks!</strong></span></p>
<p><strong>ISBN:</strong>ISBN: 978-3-7357-9988-3</p>
<p>Veröffentlicht durch BoD, im Februar 2014</p>
<h4>Der Buchpreis beträgt EUR 15,50<br />
Der E-BOOK-Preis beträgt EUR 9,49</h4>
<p><span style="text-decoration: underline;">Hier nun eine erste Rezension von Fr. H. Esch vom 19. Juli 1014:</span></p>
<p><span style="text-decoration: underline;"><strong>&#8222;Hat alles was ein Urlaubsroman braucht!&#8220;</strong></span></p>
<p>Wenn man leichte Lektüre sucht, vielleicht ein bißchen im Stil von <strong>James Bond, </strong>ist man hier richtig. Das Buch liest sich locker weg und hat alles was ein Urlaubsroman benötigt: Sonne, Strand, exotische Umgebung, einen Schatz, Bösewichte (Piraten), mutige Männer, starke Frauen und bescheidene Helden.</p>
<p>Zwischendurch gibt es überraschend detailliertes Fachwissen.</p>
<p>Wer einen historisch tiefschürfenden Roman erwartet wird enttäuscht sein.</p>
<p><strong>Wer sich aber einfach nur mit seinen Helden entspannen möchte ohne sich zu belasten, dem kann ich dieses Buch nur empfehlen.</strong></p>
<p>&nbsp;</p>
<ul>
<li><a title="Bestellung" href="https://perlduekkers-seefahrt.de/?page_id=14">Hier gehts zur Bestellung</a></li>
<li><a title="Bücher" href="https://perlduekkers-seefahrt.de/?page_id=12">zurück zur Übersicht</a></li>
</ul>

<p>Als Uwe, Kuddl, Carla und Klaus einfach mal wieder Urlaub machen wollen, geraten sie in die Suche nach einem imaginären Schatz spanischer Konquistadoren. Dabei treffen sie mit gnadenlosen karibischen Piraten zusammen, die das Leben von Maria und Carla auf die brutalste Weise gefährden, woraufhin die ganze Angelegenheit zu eskalieren droht. Da sehen sich Uwe und Kuddl gezwungen, [&hellip;]</p>
