{"id":79,"date":"2014-06-02T15:24:09","date_gmt":"2014-06-02T15:24:09","guid":{"rendered":"http:\/\/wp.perlduekkers-seefahrt.de\/?page_id=79"},"modified":"2018-06-02T09:52:25","modified_gmt":"2018-06-02T09:52:25","slug":"die-jagd-nach-dem-nazigold","status":"publish","type":"page","link":"https:\/\/perlduekkers-seefahrt.de\/?page_id=79","title":{"rendered":"Die Jagd nach dem Nazigold"},"content":{"rendered":"<p><img loading=\"lazy\" class=\"alignnone size-full wp-image-96\" alt=\"nazigold\" src=\"https:\/\/wp.perlduekkers-seefahrt.de\/wp-content\/uploads\/2014\/06\/nazigold.jpg\" width=\"500\" height=\"699\" srcset=\"https:\/\/perlduekkers-seefahrt.de\/wp-content\/uploads\/2014\/06\/nazigold.jpg 500w, https:\/\/perlduekkers-seefahrt.de\/wp-content\/uploads\/2014\/06\/nazigold-214x300.jpg 214w\" sizes=\"(max-width: 500px) 100vw, 500px\" \/><\/p>\n<p style=\"text-align: justify;\">Geheimdokumente aus dem Dritten Reich, ausgegraben auf einem schrottreifen Schiff, f\u00fchren die zwei ehemaligen GSG 9-Beamten Kuddl und Uwe und ihre Freunde Carla, Pit und Klaus auf eine abenteuerliche Reise quer durch Skandinavien. Mit einer Segelyacht gehen sie auf die Suche nach einem unentdeckten Goldschatz der Nazis, doch sind die Geheimdokumente verl\u00e4sslich?<\/p>\n<p style=\"text-align: justify;\">Was f\u00fchren die beiden ehemaligen SS-Soldaten im Schilde, die den f\u00fcnf Freunden bei der Entschl\u00fcsselung der Dukumente helfen?\u00a0Und dann sind da noch zwei skrupellose Zuh\u00e4lter aus Hamburgs Halbwelt, die den f\u00fcnfen auf den Fersen sind&#8230;<\/p>\n<p><strong>ISBN:<\/strong>978-3-89757-485-4<\/p>\n<p>Erschienen im April 2010 beim Hauschild Verlag.<\/p>\n<p>Leider ist kein Buchversand \u00fcber den Verlag mehr m\u00f6glich.<\/p>\n<p><span style=\"color: #ff0000;\"><strong><span style=\"text-decoration: underline;\">Brandneu hier nun der SONDERPREIS von EUR 9,99<\/span><\/strong><\/span><\/p>\n<h4>Der alte Buchpreis betrug EUR\u00a014,80<\/h4>\n<p>Dieses Buch ist nur noch bei dem Autoren \u00fcber\u00a0 <strong><a href=\"mailto:fiete.synold@gmx.de\">fiete.synold@gmx.de<\/a><\/strong> oder<\/p>\n<p>\u00fcber den <span style=\"color: #0000ff;\"><strong>Bestellbutton<\/strong> <\/span>der<strong><span style=\"color: #0000ff;\"> HP bestellbar<\/span><\/strong>.<\/p>\n<p>&nbsp;<\/p>\n<ul>\n<li><a title=\"Bestellung\" href=\"https:\/\/perlduekkers-seefahrt.de\/?page_id=14\">Hier gehts zur Bestellung<\/a><\/li>\n<li><a title=\"B\u00fccher\" href=\"https:\/\/perlduekkers-seefahrt.de\/?page_id=12\">zur\u00fcck zur \u00dcbersicht<\/a><\/li>\n<\/ul>\n","protected":false},"excerpt":{"rendered":"<p>Geheimdokumente aus dem Dritten Reich, ausgegraben auf einem schrottreifen Schiff, f\u00fchren die zwei ehemaligen GSG 9-Beamten Kuddl und Uwe und ihre Freunde Carla, Pit und Klaus auf eine abenteuerliche Reise quer durch Skandinavien. Mit einer Segelyacht gehen sie auf die Suche nach einem unentdeckten Goldschatz der Nazis, doch sind die Geheimdokumente verl\u00e4sslich? Was f\u00fchren die [&hellip;]<\/p>\n","protected":false},"author":1,"featured_media":0,"parent":12,"menu_order":0,"comment_status":"closed","ping_status":"closed","template":"","meta":[],"_links":{"self":[{"href":"https:\/\/perlduekkers-seefahrt.de\/index.php?rest_route=\/wp\/v2\/pages\/79"}],"collection":[{"href":"https:\/\/perlduekkers-seefahrt.de\/index.php?rest_route=\/wp\/v2\/pages"}],"about":[{"href":"https:\/\/perlduekkers-seefahrt.de\/index.php?rest_route=\/wp\/v2\/types\/page"}],"author":[{"embeddable":true,"href":"https:\/\/perlduekkers-seefahrt.de\/index.php?rest_route=\/wp\/v2\/users\/1"}],"replies":[{"embeddable":true,"href":"https:\/\/perlduekkers-seefahrt.de\/index.php?rest_route=%2Fwp%2Fv2%2Fcomments&post=79"}],"version-history":[{"count":8,"href":"https:\/\/perlduekkers-seefahrt.de\/index.php?rest_route=\/wp\/v2\/pages\/79\/revisions"}],"predecessor-version":[{"id":35662,"href":"https:\/\/perlduekkers-seefahrt.de\/index.php?rest_route=\/wp\/v2\/pages\/79\/revisions\/35662"}],"up":[{"embeddable":true,"href":"https:\/\/perlduekkers-seefahrt.de\/index.php?rest_route=\/wp\/v2\/pages\/12"}],"wp:attachment":[{"href":"https:\/\/perlduekkers-seefahrt.de\/index.php?rest_route=%2Fwp%2Fv2%2Fmedia&parent=79"}],"curies":[{"name":"wp","href":"https:\/\/api.w.org\/{rel}","templated":true}]}}