{"id":51,"date":"2014-06-02T15:10:50","date_gmt":"2014-06-02T15:10:50","guid":{"rendered":"http:\/\/wp.perlduekkers-seefahrt.de\/?page_id=51"},"modified":"2014-07-01T15:17:16","modified_gmt":"2014-07-01T15:17:16","slug":"privatbilder","status":"publish","type":"page","link":"https:\/\/perlduekkers-seefahrt.de\/?page_id=51","title":{"rendered":"Perlduekker"},"content":{"rendered":"<h2 style=\"text-align: justify;\">\u00dcber mich<\/h2>\n<p style=\"text-align: justify;\">Mit diesen Zeilen m\u00f6chte ich mich kurz den Besuchern meiner Homepage vorstellen.\u00a0Mein Name ist Friedrich Heinrich Synold. Ich wurde im Jahre 1947 in Schwarzenbek geboren.\u00a0Als das Wirtschaftswunder im Jahre 1966 seinen H\u00f6hepunkt in der Bundesrepublik Deutschland anstrebte, begann ich, nach einer erfolgreich abgeschlossenen Malerlehre, zur See zu fahren.\u00a0Der Anfang meiner seem\u00e4nnischen Laufbahn begann auf einem <span style=\"color: #000000;\">Tanker der Companie \u201eEssberger\u201c mit meiner ersten Reise von Hamburg in die Karibik und zur\u00fcck.<\/span><br \/>\n<span style=\"color: #003366;\">\u00dcber diese Reise habe ich mein erstes Buch geschrieben und im M\u00e4rz 2006 ver\u00f6ffentlicht.<br \/>\n<a title=\"SEEFAHRT 1966 PUR UND OHNE SCHNOERKEL\" href=\"http:\/\/wp.perlduekkers-seefahrt.de\/?page_id=75\">Titel: Seefahrt 1966 pur und ohne Schn\u00f6rkel. ISBN: 3-8334-4382-0.<\/a><\/span><br \/>\nNach meiner Reise auf dem Tanker in die Karibik, fuhr ich noch ca. zehn Jahre auf allen Weltmeeren, allen Fahrzeugen und fast allen Fahrtgebieten, die es gibt.\u00a0Sehr viele Jahre fuhr ich auf den sch\u00f6nsten Trampdampfern, nat\u00fcrlich nur weltweit!!!\u00a0Die letzten Jahre meiner Seefahrtszeit, man wird ja irgendwann auch ruhiger, verbrachte ich ganz sittsam bei Hapag Lloyd.\u00a0Die Seefahrt l\u00e4sst die meisten alten Fahrensleute nicht mehr so richtig los, so erging es auch mir. Aus diesem Grunde haben ich hier diese Seiten aufgebaut, sie schildern die Seefahrt aus meiner Sicht.\u00a0Alle Fahrensleute, selbstverst\u00e4ndlich auch jeder andere Besucher dieser Homepage, egal ob jung oder alt, ist hier herzlich willkommen und sollte viel Spa\u00df beim St\u00f6bern auf diesen Seiten haben.\u00a0Ein kleiner Hinweis zum Abschluss:\u00a0Mein Hobby hier an Land ist seit Jahren der Motorsport, also wundert euch nicht wenn ihr nicht nur Links zu anderen Seefahrtsseiten sondern auch Motorsportseiten vorfindet, aber seht sie euch an, es lohnt sich.<\/p>\n<p>&nbsp;<\/p>\n<h2>Privatbilder<\/h2>\n\n\t\t<style type=\"text\/css\">\n\t\t\t#gallery-1 {\n\t\t\t\tmargin: auto;\n\t\t\t}\n\t\t\t#gallery-1 .gallery-item {\n\t\t\t\tfloat: left;\n\t\t\t\tmargin-top: 10px;\n\t\t\t\ttext-align: center;\n\t\t\t\twidth: 25%;\n\t\t\t}\n\t\t\t#gallery-1 img {\n\t\t\t\tborder: 2px solid #cfcfcf;\n\t\t\t}\n\t\t\t#gallery-1 .gallery-caption {\n\t\t\t\tmargin-left: 0;\n\t\t\t}\n\t\t\t\/* see gallery_shortcode() in wp-includes\/media.php *\/\n\t\t<\/style>\n\t\t<div id='gallery-1' class='gallery galleryid-51 gallery-columns-4 gallery-size-thumbnail'><dl class='gallery-item'>\n\t\t\t<dt class='gallery-icon landscape'>\n\t\t\t\t<a href='https:\/\/perlduekkers-seefahrt.de\/wp-content\/uploads\/2014\/06\/007.jpg'><img width=\"150\" height=\"150\" src=\"https:\/\/perlduekkers-seefahrt.de\/wp-content\/uploads\/2014\/06\/007-150x150.jpg\" class=\"attachment-thumbnail size-thumbnail\" alt=\"\" loading=\"lazy\" aria-describedby=\"gallery-1-584\" \/><\/a>\n\t\t\t<\/dt>\n\t\t\t\t<dd class='wp-caption-text gallery-caption' id='gallery-1-584'>\n\t\t\t\tFiete\n\t\t\t\t<\/dd><\/dl><dl class='gallery-item'>\n\t\t\t<dt class='gallery-icon landscape'>\n\t\t\t\t<a href='https:\/\/perlduekkers-seefahrt.de\/wp-content\/uploads\/2014\/06\/arno.jpg'><img width=\"150\" height=\"150\" src=\"https:\/\/perlduekkers-seefahrt.de\/wp-content\/uploads\/2014\/06\/arno-150x150.jpg\" class=\"attachment-thumbnail size-thumbnail\" alt=\"\" loading=\"lazy\" aria-describedby=\"gallery-1-198\" srcset=\"https:\/\/perlduekkers-seefahrt.de\/wp-content\/uploads\/2014\/06\/arno-150x150.jpg 150w, https:\/\/perlduekkers-seefahrt.de\/wp-content\/uploads\/2014\/06\/arno-300x300.jpg 300w, https:\/\/perlduekkers-seefahrt.de\/wp-content\/uploads\/2014\/06\/arno.jpg 512w\" sizes=\"(max-width: 150px) 100vw, 150px\" \/><\/a>\n\t\t\t<\/dt>\n\t\t\t\t<dd class='wp-caption-text gallery-caption' id='gallery-1-198'>\n\t\t\t\tArno und ich, ein gem\u00fctliches Schw\u00e4tzchen mit oder beim &#8222;hamburg water&#8220; ???\n\t\t\t\t<\/dd><\/dl><dl class='gallery-item'>\n\t\t\t<dt class='gallery-icon landscape'>\n\t\t\t\t<a href='https:\/\/perlduekkers-seefahrt.de\/wp-content\/uploads\/2014\/06\/transamerica005.jpg'><img width=\"150\" height=\"150\" src=\"https:\/\/perlduekkers-seefahrt.de\/wp-content\/uploads\/2014\/06\/transamerica005-150x150.jpg\" class=\"attachment-thumbnail size-thumbnail\" alt=\"\" loading=\"lazy\" aria-describedby=\"gallery-1-200\" \/><\/a>\n\t\t\t<\/dt>\n\t\t\t\t<dd class='wp-caption-text gallery-caption' id='gallery-1-200'>\n\t\t\t\tChicago, down town. (Transamerica 1971)\n\t\t\t\t<\/dd><\/dl><dl class='gallery-item'>\n\t\t\t<dt class='gallery-icon landscape'>\n\t\t\t\t<a href='https:\/\/perlduekkers-seefahrt.de\/wp-content\/uploads\/2014\/06\/transamerica008.jpg'><img width=\"150\" height=\"150\" src=\"https:\/\/perlduekkers-seefahrt.de\/wp-content\/uploads\/2014\/06\/transamerica008-150x150.jpg\" class=\"attachment-thumbnail size-thumbnail\" alt=\"\" loading=\"lazy\" aria-describedby=\"gallery-1-201\" \/><\/a>\n\t\t\t<\/dt>\n\t\t\t\t<dd class='wp-caption-text gallery-caption' id='gallery-1-201'>\n\t\t\t\tChicago down town (Transamerica 1971)\n\t\t\t\t<\/dd><\/dl><br style=\"clear: both\" \/><dl class='gallery-item'>\n\t\t\t<dt class='gallery-icon landscape'>\n\t\t\t\t<a href='https:\/\/perlduekkers-seefahrt.de\/wp-content\/uploads\/2014\/06\/tranameri.jpg'><img width=\"150\" height=\"150\" src=\"https:\/\/perlduekkers-seefahrt.de\/wp-content\/uploads\/2014\/06\/tranameri-150x150.jpg\" class=\"attachment-thumbnail size-thumbnail\" alt=\"\" loading=\"lazy\" aria-describedby=\"gallery-1-598\" \/><\/a>\n\t\t\t<\/dt>\n\t\t\t\t<dd class='wp-caption-text gallery-caption' id='gallery-1-598'>\n\t\t\t\tEine gem\u00fctliche Bar in Down Town Chicago. (Transamerica \/ 1971)\n\t\t\t\t<\/dd><\/dl><dl class='gallery-item'>\n\t\t\t<dt class='gallery-icon portrait'>\n\t\t\t\t<a href='https:\/\/perlduekkers-seefahrt.de\/wp-content\/uploads\/2014\/06\/trinidad1.jpg'><img width=\"150\" height=\"150\" src=\"https:\/\/perlduekkers-seefahrt.de\/wp-content\/uploads\/2014\/06\/trinidad1-150x150.jpg\" class=\"attachment-thumbnail size-thumbnail\" alt=\"\" loading=\"lazy\" aria-describedby=\"gallery-1-599\" \/><\/a>\n\t\t\t<\/dt>\n\t\t\t\t<dd class='wp-caption-text gallery-caption' id='gallery-1-599'>\n\t\t\t\tAuf diesem PLatz absolvierten wir ein Fu\u00dfballspiel. (Horngolf 1970)\n\t\t\t\t<\/dd><\/dl><dl class='gallery-item'>\n\t\t\t<dt class='gallery-icon portrait'>\n\t\t\t\t<a href='https:\/\/perlduekkers-seefahrt.de\/wp-content\/uploads\/2014\/06\/buc.jpg'><img width=\"150\" height=\"150\" src=\"https:\/\/perlduekkers-seefahrt.de\/wp-content\/uploads\/2014\/06\/buc-150x150.jpg\" class=\"attachment-thumbnail size-thumbnail\" alt=\"\" loading=\"lazy\" aria-describedby=\"gallery-1-199\" \/><\/a>\n\t\t\t<\/dt>\n\t\t\t\t<dd class='wp-caption-text gallery-caption' id='gallery-1-199'>\n\t\t\t\tEs gab noch keine MPC\u00b4s, aber auf einem K\u00fcmo waren im Jahre 1969 Maschineneis\u00e4tze nichts fremdes. Eine kleine Pause, ein Bier und weiter.  (Buchholz 1969 \/ 1970)\n\t\t\t\t<\/dd><\/dl><dl class='gallery-item'>\n\t\t\t<dt class='gallery-icon portrait'>\n\t\t\t\t<a href='https:\/\/perlduekkers-seefahrt.de\/wp-content\/uploads\/2014\/06\/buc001.jpg'><img width=\"150\" height=\"150\" src=\"https:\/\/perlduekkers-seefahrt.de\/wp-content\/uploads\/2014\/06\/buc001-150x150.jpg\" class=\"attachment-thumbnail size-thumbnail\" alt=\"\" loading=\"lazy\" aria-describedby=\"gallery-1-585\" \/><\/a>\n\t\t\t<\/dt>\n\t\t\t\t<dd class='wp-caption-text gallery-caption' id='gallery-1-585'>\n\t\t\t\tMaschinchen!!!  (Buchholz 1969 \/ 1970)\n\t\t\t\t<\/dd><\/dl><br style=\"clear: both\" \/><dl class='gallery-item'>\n\t\t\t<dt class='gallery-icon landscape'>\n\t\t\t\t<a href='https:\/\/perlduekkers-seefahrt.de\/wp-content\/uploads\/2014\/06\/buc003.jpg'><img width=\"150\" height=\"150\" src=\"https:\/\/perlduekkers-seefahrt.de\/wp-content\/uploads\/2014\/06\/buc003-150x150.jpg\" class=\"attachment-thumbnail size-thumbnail\" alt=\"\" loading=\"lazy\" aria-describedby=\"gallery-1-586\" \/><\/a>\n\t\t\t<\/dt>\n\t\t\t\t<dd class='wp-caption-text gallery-caption' id='gallery-1-586'>\n\t\t\t\tUnsere Bordhunde &#8222;Susi&#8220; und &#8222;Wodka&#8220; auf dem Achterdeck.  (Buchholz 1969 \/ 1970)\n\t\t\t\t<\/dd><\/dl><dl class='gallery-item'>\n\t\t\t<dt class='gallery-icon landscape'>\n\t\t\t\t<a href='https:\/\/perlduekkers-seefahrt.de\/wp-content\/uploads\/2014\/06\/buc004.jpg'><img width=\"150\" height=\"150\" src=\"https:\/\/perlduekkers-seefahrt.de\/wp-content\/uploads\/2014\/06\/buc004-150x150.jpg\" class=\"attachment-thumbnail size-thumbnail\" alt=\"\" loading=\"lazy\" aria-describedby=\"gallery-1-587\" srcset=\"https:\/\/perlduekkers-seefahrt.de\/wp-content\/uploads\/2014\/06\/buc004-150x150.jpg 150w, https:\/\/perlduekkers-seefahrt.de\/wp-content\/uploads\/2014\/06\/buc004-450x450.jpg 450w, https:\/\/perlduekkers-seefahrt.de\/wp-content\/uploads\/2014\/06\/buc004.jpg 496w\" sizes=\"(max-width: 150px) 100vw, 150px\" \/><\/a>\n\t\t\t<\/dt>\n\t\t\t\t<dd class='wp-caption-text gallery-caption' id='gallery-1-587'>\n\t\t\t\tHafenarbeit!!!! (Ein k\u00fchles Bad nach getaner Arbeit im Hafenbecken, heute schlichtweg undenkbar.)  (Buchholz 1969 \/1970)\n\t\t\t\t<\/dd><\/dl><dl class='gallery-item'>\n\t\t\t<dt class='gallery-icon portrait'>\n\t\t\t\t<a href='https:\/\/perlduekkers-seefahrt.de\/wp-content\/uploads\/2014\/06\/buc005.jpg'><img width=\"150\" height=\"150\" src=\"https:\/\/perlduekkers-seefahrt.de\/wp-content\/uploads\/2014\/06\/buc005-150x150.jpg\" class=\"attachment-thumbnail size-thumbnail\" alt=\"\" loading=\"lazy\" aria-describedby=\"gallery-1-588\" \/><\/a>\n\t\t\t<\/dt>\n\t\t\t\t<dd class='wp-caption-text gallery-caption' id='gallery-1-588'>\n\t\t\t\tEin Tagesausflug in die Berge Irland\u00b4s.  (Buchholz 1969 \/ 1970)\n\t\t\t\t<\/dd><\/dl><dl class='gallery-item'>\n\t\t\t<dt class='gallery-icon landscape'>\n\t\t\t\t<a href='https:\/\/perlduekkers-seefahrt.de\/wp-content\/uploads\/2014\/06\/trinidad001.jpg'><img width=\"150\" height=\"150\" src=\"https:\/\/perlduekkers-seefahrt.de\/wp-content\/uploads\/2014\/06\/trinidad001-150x150.jpg\" class=\"attachment-thumbnail size-thumbnail\" alt=\"\" loading=\"lazy\" aria-describedby=\"gallery-1-600\" \/><\/a>\n\t\t\t<\/dt>\n\t\t\t\t<dd class='wp-caption-text gallery-caption' id='gallery-1-600'>\n\t\t\t\tSt. James, Vorort von Port of Spain.Trinidad. (Hornmeer 1970)\n\t\t\t\t<\/dd><\/dl><br style=\"clear: both\" \/><dl class='gallery-item'>\n\t\t\t<dt class='gallery-icon landscape'>\n\t\t\t\t<a href='https:\/\/perlduekkers-seefahrt.de\/wp-content\/uploads\/2014\/06\/trinidad002.jpg'><img width=\"150\" height=\"150\" src=\"https:\/\/perlduekkers-seefahrt.de\/wp-content\/uploads\/2014\/06\/trinidad002-150x150.jpg\" class=\"attachment-thumbnail size-thumbnail\" alt=\"\" loading=\"lazy\" aria-describedby=\"gallery-1-601\" \/><\/a>\n\t\t\t<\/dt>\n\t\t\t\t<dd class='wp-caption-text gallery-caption' id='gallery-1-601'>\n\t\t\t\tIn diesem Haus, in St. James, verbrachte ich einen kurzen Genesungsurlaub, bis zu meinem Heimflug nach Hamburg. (Hornmeer 1970)\n\t\t\t\t<\/dd><\/dl><dl class='gallery-item'>\n\t\t\t<dt class='gallery-icon landscape'>\n\t\t\t\t<a href='https:\/\/perlduekkers-seefahrt.de\/wp-content\/uploads\/2014\/06\/trinidad003.jpg'><img width=\"150\" height=\"150\" src=\"https:\/\/perlduekkers-seefahrt.de\/wp-content\/uploads\/2014\/06\/trinidad003-150x150.jpg\" class=\"attachment-thumbnail size-thumbnail\" alt=\"\" loading=\"lazy\" aria-describedby=\"gallery-1-602\" \/><\/a>\n\t\t\t<\/dt>\n\t\t\t\t<dd class='wp-caption-text gallery-caption' id='gallery-1-602'>\n\t\t\t\tNoch einmal der Fu\u00dfballplatz in POrt of Spain. Ich kann mich leider nicht mehr an das Ergebnis dieses Spiels erinnern. (Horngolf 1971)\n\t\t\t\t<\/dd><\/dl><dl class='gallery-item'>\n\t\t\t<dt class='gallery-icon portrait'>\n\t\t\t\t<a href='https:\/\/perlduekkers-seefahrt.de\/wp-content\/uploads\/2014\/06\/marie_r.jpg'><img width=\"150\" height=\"150\" src=\"https:\/\/perlduekkers-seefahrt.de\/wp-content\/uploads\/2014\/06\/marie_r-150x150.jpg\" class=\"attachment-thumbnail size-thumbnail\" alt=\"\" loading=\"lazy\" aria-describedby=\"gallery-1-589\" \/><\/a>\n\t\t\t<\/dt>\n\t\t\t\t<dd class='wp-caption-text gallery-caption' id='gallery-1-589'>\n\t\t\t\tEin paar Notizen, wenn man sp\u00e4ter einmal ein Buch schreiben m\u00f6chte! Amazonasgebiet ohne Klimaanlage in der Kammer. (Marie Reith 1972)\n\t\t\t\t<\/dd><\/dl><dl class='gallery-item'>\n\t\t\t<dt class='gallery-icon landscape'>\n\t\t\t\t<a href='https:\/\/perlduekkers-seefahrt.de\/wp-content\/uploads\/2014\/06\/marie_r001.jpg'><img width=\"150\" height=\"150\" src=\"https:\/\/perlduekkers-seefahrt.de\/wp-content\/uploads\/2014\/06\/marie_r001-150x150.jpg\" class=\"attachment-thumbnail size-thumbnail\" alt=\"\" loading=\"lazy\" aria-describedby=\"gallery-1-590\" \/><\/a>\n\t\t\t<\/dt>\n\t\t\t\t<dd class='wp-caption-text gallery-caption' id='gallery-1-590'>\n\t\t\t\tOstern 1972 in Puerto Cabello-Venezuela. Sonnenbrand, oh Sonnenbrand. Deswegen stehen wir auch so verbogen vor den riesigen Kakteen im Hintergrund. (Marie Reith 1972)\n\t\t\t\t<\/dd><\/dl><br style=\"clear: both\" \/><dl class='gallery-item'>\n\t\t\t<dt class='gallery-icon landscape'>\n\t\t\t\t<a href='https:\/\/perlduekkers-seefahrt.de\/wp-content\/uploads\/2014\/06\/marie_r002.jpg'><img width=\"150\" height=\"150\" src=\"https:\/\/perlduekkers-seefahrt.de\/wp-content\/uploads\/2014\/06\/marie_r002-150x150.jpg\" class=\"attachment-thumbnail size-thumbnail\" alt=\"\" loading=\"lazy\" aria-describedby=\"gallery-1-591\" \/><\/a>\n\t\t\t<\/dt>\n\t\t\t\t<dd class='wp-caption-text gallery-caption' id='gallery-1-591'>\n\t\t\t\tStarhafen im Amazonasgebiet. Am besten ohne Kommentar. (Marie Reith 1972)\n\t\t\t\t<\/dd><\/dl><dl class='gallery-item'>\n\t\t\t<dt class='gallery-icon landscape'>\n\t\t\t\t<a href='https:\/\/perlduekkers-seefahrt.de\/wp-content\/uploads\/2014\/06\/marie_r003.jpg'><img width=\"150\" height=\"150\" src=\"https:\/\/perlduekkers-seefahrt.de\/wp-content\/uploads\/2014\/06\/marie_r003-150x150.jpg\" class=\"attachment-thumbnail size-thumbnail\" alt=\"\" loading=\"lazy\" aria-describedby=\"gallery-1-592\" \/><\/a>\n\t\t\t<\/dt>\n\t\t\t\t<dd class='wp-caption-text gallery-caption' id='gallery-1-592'>\n\t\t\t\tDie Einsamkeit eines freien Tages im Amazonasgebiet macht auch durstig. \u00dcbrigens, erstes Haus am Platz! (Marie Reith 1972)\n\t\t\t\t<\/dd><\/dl><dl class='gallery-item'>\n\t\t\t<dt class='gallery-icon landscape'>\n\t\t\t\t<a href='https:\/\/perlduekkers-seefahrt.de\/wp-content\/uploads\/2014\/06\/paul_s.jpg'><img width=\"150\" height=\"150\" src=\"https:\/\/perlduekkers-seefahrt.de\/wp-content\/uploads\/2014\/06\/paul_s-150x150.jpg\" class=\"attachment-thumbnail size-thumbnail\" alt=\"\" loading=\"lazy\" aria-describedby=\"gallery-1-593\" \/><\/a>\n\t\t\t<\/dt>\n\t\t\t\t<dd class='wp-caption-text gallery-caption' id='gallery-1-593'>\n\t\t\t\tTimmi, Werner und Schorschi auf dem Achterdeck. Abschied von Brasilien. (Paul Schr\u00f6der 1972)\n\t\t\t\t<\/dd><\/dl><dl class='gallery-item'>\n\t\t\t<dt class='gallery-icon landscape'>\n\t\t\t\t<a href='https:\/\/perlduekkers-seefahrt.de\/wp-content\/uploads\/2014\/06\/paul_s001.jpg'><img width=\"150\" height=\"150\" src=\"https:\/\/perlduekkers-seefahrt.de\/wp-content\/uploads\/2014\/06\/paul_s001-150x150.jpg\" class=\"attachment-thumbnail size-thumbnail\" alt=\"\" loading=\"lazy\" aria-describedby=\"gallery-1-594\" \/><\/a>\n\t\t\t<\/dt>\n\t\t\t\t<dd class='wp-caption-text gallery-caption' id='gallery-1-594'>\n\t\t\t\tUnsere Bordh\u00fcndin &#8222;PAULINE&#8220; hat es sich in der Messe gem\u00fctlich gemacht. (Paul Schr\u00f6der 1972)\n\t\t\t\t<\/dd><\/dl><br style=\"clear: both\" \/><dl class='gallery-item'>\n\t\t\t<dt class='gallery-icon landscape'>\n\t\t\t\t<a href='https:\/\/perlduekkers-seefahrt.de\/wp-content\/uploads\/2014\/06\/paul_s002.jpg'><img width=\"150\" height=\"150\" src=\"https:\/\/perlduekkers-seefahrt.de\/wp-content\/uploads\/2014\/06\/paul_s002-150x150.jpg\" class=\"attachment-thumbnail size-thumbnail\" alt=\"\" loading=\"lazy\" aria-describedby=\"gallery-1-595\" \/><\/a>\n\t\t\t<\/dt>\n\t\t\t\t<dd class='wp-caption-text gallery-caption' id='gallery-1-595'>\n\t\t\t\tWerner, Norbert und Andreas machen einen kleinen Verholer. Norbert hat &#8222;PAULINE&#8220; auf dem Arm, mit Kopftuch. (Paul Schr\u00f6der 1972)\n\t\t\t\t<\/dd><\/dl><dl class='gallery-item'>\n\t\t\t<dt class='gallery-icon portrait'>\n\t\t\t\t<a href='https:\/\/perlduekkers-seefahrt.de\/wp-content\/uploads\/2014\/06\/paul_s003.jpg'><img width=\"150\" height=\"150\" src=\"https:\/\/perlduekkers-seefahrt.de\/wp-content\/uploads\/2014\/06\/paul_s003-150x150.jpg\" class=\"attachment-thumbnail size-thumbnail\" alt=\"\" loading=\"lazy\" aria-describedby=\"gallery-1-596\" \/><\/a>\n\t\t\t<\/dt>\n\t\t\t\t<dd class='wp-caption-text gallery-caption' id='gallery-1-596'>\n\t\t\t\tEin Blick nach Oben. Sch\u00f6\u00f6\u00f6\u00f6nes Geschirr! (Paul Schr\u00f6der 1972)\n\t\t\t\t<\/dd><\/dl><dl class='gallery-item'>\n\t\t\t<dt class='gallery-icon portrait'>\n\t\t\t\t<a href='https:\/\/perlduekkers-seefahrt.de\/wp-content\/uploads\/2014\/06\/paul_s004.jpg'><img width=\"150\" height=\"150\" src=\"https:\/\/perlduekkers-seefahrt.de\/wp-content\/uploads\/2014\/06\/paul_s004-150x150.jpg\" class=\"attachment-thumbnail size-thumbnail\" alt=\"\" loading=\"lazy\" aria-describedby=\"gallery-1-597\" \/><\/a>\n\t\t\t<\/dt>\n\t\t\t\t<dd class='wp-caption-text gallery-caption' id='gallery-1-597'>\n\t\t\t\tEin Blick nach Achtern. Alles Seeklar. Alles gut. (Paul Schr\u00f6der 1972)\n\t\t\t\t<\/dd><\/dl>\n\t\t\t<br style='clear: both' \/>\n\t\t<\/div>\n\n<p>&nbsp;<\/p>\n","protected":false},"excerpt":{"rendered":"<p>\u00dcber mich Mit diesen Zeilen m\u00f6chte ich mich kurz den Besuchern meiner Homepage vorstellen.\u00a0Mein Name ist Friedrich Heinrich Synold. Ich wurde im Jahre 1947 in Schwarzenbek geboren.\u00a0Als das Wirtschaftswunder im Jahre 1966 seinen H\u00f6hepunkt in der Bundesrepublik Deutschland anstrebte, begann ich, nach einer erfolgreich abgeschlossenen Malerlehre, zur See zu fahren.\u00a0Der Anfang meiner seem\u00e4nnischen Laufbahn begann [&hellip;]<\/p>\n","protected":false},"author":1,"featured_media":0,"parent":0,"menu_order":15,"comment_status":"closed","ping_status":"closed","template":"","meta":[],"_links":{"self":[{"href":"https:\/\/perlduekkers-seefahrt.de\/index.php?rest_route=\/wp\/v2\/pages\/51"}],"collection":[{"href":"https:\/\/perlduekkers-seefahrt.de\/index.php?rest_route=\/wp\/v2\/pages"}],"about":[{"href":"https:\/\/perlduekkers-seefahrt.de\/index.php?rest_route=\/wp\/v2\/types\/page"}],"author":[{"embeddable":true,"href":"https:\/\/perlduekkers-seefahrt.de\/index.php?rest_route=\/wp\/v2\/users\/1"}],"replies":[{"embeddable":true,"href":"https:\/\/perlduekkers-seefahrt.de\/index.php?rest_route=%2Fwp%2Fv2%2Fcomments&post=51"}],"version-history":[{"count":10,"href":"https:\/\/perlduekkers-seefahrt.de\/index.php?rest_route=\/wp\/v2\/pages\/51\/revisions"}],"predecessor-version":[{"id":715,"href":"https:\/\/perlduekkers-seefahrt.de\/index.php?rest_route=\/wp\/v2\/pages\/51\/revisions\/715"}],"wp:attachment":[{"href":"https:\/\/perlduekkers-seefahrt.de\/index.php?rest_route=%2Fwp%2Fv2%2Fmedia&parent=51"}],"curies":[{"name":"wp","href":"https:\/\/api.w.org\/{rel}","templated":true}]}}