{"id":50501,"date":"2019-05-18T11:09:52","date_gmt":"2019-05-18T11:09:52","guid":{"rendered":"https:\/\/perlduekkers-seefahrt.de\/?page_id=50501"},"modified":"2019-06-01T18:13:29","modified_gmt":"2019-06-01T18:13:29","slug":"seefahrt-von-knochenbrechern-rosa-delphinen-und-wilden-weibern","status":"publish","type":"page","link":"https:\/\/perlduekkers-seefahrt.de\/?page_id=50501","title":{"rendered":"SEEFAHRT! Von Knochenbrechern, rosa Delphinen und wilden Weibern"},"content":{"rendered":"<p><img loading=\"lazy\" class=\"alignleft wp-image-50507 size-full\" src=\"https:\/\/perlduekkers-seefahrt.de\/wp-content\/uploads\/2019\/05\/Seefahrt-Cover-ISBN.png\" alt=\"\" width=\"317\" height=\"450\" \/><\/p>\n<p><strong>Abenteuer SEEFAHRT!<\/strong><\/p>\n<p>Die \u201eSeefahrt\u201c f\u00fchrt den jungen, jedoch bereits erfahrenen Matrosen Fiete, geb\u00fcrtigen Hamburger auf eine Reihe von Abenteuern durch die Weltmeere unserer Zeit. Auf der Route von Marseille, wo die Reise f\u00fcr ihn beginnt, kommt das Schiff in verschiedenen H\u00e4fen zum Liegen und kehrt am Ende nach Deutschland, Bremen zur\u00fcck, wo Fiete das Schiff nach achtmonatiger Arbeit und Reise verl\u00e4sst. Neben der Arbeit erlebt Fiete nicht nur die ein oder andere angenehme \u00dcberraschung, sondern sieht sich auch verschiedenen brenzligen Situationen gegen\u00fcber.<\/p>\n<p>Von der Sch\u00f6nheit der Natur bis hin zu den weiblichen Natursch\u00f6nheiten, und was dazwischen liegt, ist alles dabei. So manches Mal brachte der Morgen nach einer durchzechten Nacht erst Licht ins Dunkel und Fiete lie\u00df in solchen N\u00e4chten nicht nur Haar, sondern zweifelte ernsthaft an seinem Frauengeschmack.<\/p>\n<p>Er findet auf den Reisen tatkr\u00e4ftige Unterst\u00fctzung bei seiner Clique, die sich im Laufe der Zeit bildet. Die Jungs winden sich nicht nur gemeinsam aus einer Handvoll Schlamassel, die sich zum Teil um lebensrettende Ma\u00dfnahmen drehen, sondern genie\u00dfen auch ausgiebig die freudigen Seiten des Lebens, sei es nur bei einer der vielen Smoke-Time, einem Bier zum Feierabend oder beim Landgang in den Rotlichtvierteln der Hafenst\u00e4dte.<\/p>\n<p>&nbsp;<\/p>\n<p>ISBN-No.-Print-Book:\u00a0978-3-7494-4050-4 &#8211; <strong>Der\u00a0Buchpreis betr\u00e4gt EUR 11,99<\/strong><\/p>\n<p>ISBN-No.-E-Book:\u00a0978-3-7494-4121-1 &#8211;<strong> Der E-Book-Preis betr\u00e4gt nur\u00a0EUR 4,99\u00a0<\/strong><\/p>\n<p>&nbsp;<\/p>\n<ul>\n<li><a title=\"Bestellung\" href=\"https:\/\/perlduekkers-seefahrt.de\/?page_id=14\">Hier gehts zur Bestellung<\/a><\/li>\n<li><a title=\"B\u00fccher\" href=\"https:\/\/perlduekkers-seefahrt.de\/?page_id=12\">zur\u00fcck zur \u00dcbersicht<\/a><\/li>\n<\/ul>\n","protected":false},"excerpt":{"rendered":"<p>Abenteuer SEEFAHRT! Die \u201eSeefahrt\u201c f\u00fchrt den jungen, jedoch bereits erfahrenen Matrosen Fiete, geb\u00fcrtigen Hamburger auf eine Reihe von Abenteuern durch die Weltmeere unserer Zeit. Auf der Route von Marseille, wo die Reise f\u00fcr ihn beginnt, kommt das Schiff in verschiedenen H\u00e4fen zum Liegen und kehrt am Ende nach Deutschland, Bremen zur\u00fcck, wo Fiete das Schiff [&hellip;]<\/p>\n","protected":false},"author":1,"featured_media":0,"parent":12,"menu_order":0,"comment_status":"closed","ping_status":"closed","template":"","meta":[],"_links":{"self":[{"href":"https:\/\/perlduekkers-seefahrt.de\/index.php?rest_route=\/wp\/v2\/pages\/50501"}],"collection":[{"href":"https:\/\/perlduekkers-seefahrt.de\/index.php?rest_route=\/wp\/v2\/pages"}],"about":[{"href":"https:\/\/perlduekkers-seefahrt.de\/index.php?rest_route=\/wp\/v2\/types\/page"}],"author":[{"embeddable":true,"href":"https:\/\/perlduekkers-seefahrt.de\/index.php?rest_route=\/wp\/v2\/users\/1"}],"replies":[{"embeddable":true,"href":"https:\/\/perlduekkers-seefahrt.de\/index.php?rest_route=%2Fwp%2Fv2%2Fcomments&post=50501"}],"version-history":[{"count":8,"href":"https:\/\/perlduekkers-seefahrt.de\/index.php?rest_route=\/wp\/v2\/pages\/50501\/revisions"}],"predecessor-version":[{"id":51098,"href":"https:\/\/perlduekkers-seefahrt.de\/index.php?rest_route=\/wp\/v2\/pages\/50501\/revisions\/51098"}],"up":[{"embeddable":true,"href":"https:\/\/perlduekkers-seefahrt.de\/index.php?rest_route=\/wp\/v2\/pages\/12"}],"wp:attachment":[{"href":"https:\/\/perlduekkers-seefahrt.de\/index.php?rest_route=%2Fwp%2Fv2%2Fmedia&parent=50501"}],"curies":[{"name":"wp","href":"https:\/\/api.w.org\/{rel}","templated":true}]}}