{"id":23094,"date":"2017-04-08T19:29:32","date_gmt":"2017-04-08T19:29:32","guid":{"rendered":"http:\/\/perlduekkers-seefahrt.de\/?page_id=23094"},"modified":"2018-06-02T09:50:32","modified_gmt":"2018-06-02T09:50:32","slug":"diamantenflucht","status":"publish","type":"page","link":"https:\/\/perlduekkers-seefahrt.de\/?page_id=23094","title":{"rendered":"DIAMANTENFLUCH(T)!"},"content":{"rendered":"<p><img loading=\"lazy\" class=\"alignleft size-medium wp-image-23091\" src=\"https:\/\/perlduekkers-seefahrt.de\/wp-content\/uploads\/2017\/04\/Cover-Diamantenflucht1102-317x450.png\" alt=\"Diamantenfluch(t)\" width=\"317\" height=\"450\" srcset=\"https:\/\/perlduekkers-seefahrt.de\/wp-content\/uploads\/2017\/04\/Cover-Diamantenflucht1102-317x450.png 317w, https:\/\/perlduekkers-seefahrt.de\/wp-content\/uploads\/2017\/04\/Cover-Diamantenflucht1102-768x1090.png 768w, https:\/\/perlduekkers-seefahrt.de\/wp-content\/uploads\/2017\/04\/Cover-Diamantenflucht1102-722x1024.png 722w, https:\/\/perlduekkers-seefahrt.de\/wp-content\/uploads\/2017\/04\/Cover-Diamantenflucht1102.png 800w\" sizes=\"(max-width: 317px) 100vw, 317px\" \/><\/p>\n<p>Angola, Cocotaco-Mine 1971.<\/p>\n<p>Im Jahre 1971 wird der gr\u00f6\u00dfte Rohdiamantenfund aller Zeiten f\u00fcr die Cocotaco-Mine verbucht.<\/p>\n<p><strong>Wert: zweihundert Millionen US-Dollar!<\/strong><\/p>\n<p>Teilhaber dieser Mine sind zwei skrupellose Diamantenh\u00e4ndler aus Antwerpen. Sie haben sich an der B\u00f6rse verspekuliert und planen nun einen ganz besonders perfiden Coup: Sie heuern ein S\u00f6ldner-team an, das die Diamanten erbeuten soll.<\/p>\n<p>Dieser Raubzug gelingt mit Bravour.<\/p>\n<p>Auf der Flucht st\u00fcrzt das Flugzeug \u00fcber S\u00fcdfrankreich ab.<\/p>\n<p>Nur drei der S\u00f6ldner \u00fcberleben, der Pilot und ein weiterer S\u00f6ldner sterben bei dem Absturz.<\/p>\n<p>Die drei \u00dcberlebenden fl\u00fcchten mit den Rohdiamanten nach Norddeutschland. \u00a0Durch die Beziehungen des Team-Leader zum MI 6 k\u00f6nnen sie in Hamburg-Bergedorf ein sicheres Haus nutzen.<\/p>\n<p>Dort kommt eine Frau ins Spiel, die die feinen Herren auf ihrer Flucht kennengelernt haben.<\/p>\n<p>Allerdings k\u00f6nnen sie nicht ahnen, dass der Vater dieser jungen Frau als Hauptkommissar bei der Hamburger Polizei besch\u00e4ftigt ist.<\/p>\n<p>Und dann beginnen die Dinge in Fluss zu geraten, und die Ereignisse \u00fcberst\u00fcrzen sich.<\/p>\n<p>&nbsp;<br \/>\nISBN-No.-Print-Book: 978-3-7431-5906-8 &#8211; <strong>Der Buchpreis betr\u00e4gt EUR\u00a09,90<\/strong><\/p>\n<p>ISBN-No.-E-Book: 978-3-7448-0354-0 &#8211;<strong> Der E-Book-Preis betr\u00e4gt nur\u00a0EUR 4,99 <\/strong><\/p>\n<p>&nbsp;<\/p>\n<ul>\n<li><a title=\"Bestellung\" href=\"https:\/\/perlduekkers-seefahrt.de\/?page_id=14\">Hier gehts zur Bestellung<\/a><\/li>\n<li><a title=\"B\u00fccher\" href=\"https:\/\/perlduekkers-seefahrt.de\/?page_id=12\">zur\u00fcck zur \u00dcbersicht<\/a><\/li>\n<\/ul>\n","protected":false},"excerpt":{"rendered":"<p>Angola, Cocotaco-Mine 1971. Im Jahre 1971 wird der gr\u00f6\u00dfte Rohdiamantenfund aller Zeiten f\u00fcr die Cocotaco-Mine verbucht. Wert: zweihundert Millionen US-Dollar! Teilhaber dieser Mine sind zwei skrupellose Diamantenh\u00e4ndler aus Antwerpen. Sie haben sich an der B\u00f6rse verspekuliert und planen nun einen ganz besonders perfiden Coup: Sie heuern ein S\u00f6ldner-team an, das die Diamanten erbeuten soll. Dieser [&hellip;]<\/p>\n","protected":false},"author":1,"featured_media":0,"parent":12,"menu_order":0,"comment_status":"closed","ping_status":"closed","template":"","meta":[],"_links":{"self":[{"href":"https:\/\/perlduekkers-seefahrt.de\/index.php?rest_route=\/wp\/v2\/pages\/23094"}],"collection":[{"href":"https:\/\/perlduekkers-seefahrt.de\/index.php?rest_route=\/wp\/v2\/pages"}],"about":[{"href":"https:\/\/perlduekkers-seefahrt.de\/index.php?rest_route=\/wp\/v2\/types\/page"}],"author":[{"embeddable":true,"href":"https:\/\/perlduekkers-seefahrt.de\/index.php?rest_route=\/wp\/v2\/users\/1"}],"replies":[{"embeddable":true,"href":"https:\/\/perlduekkers-seefahrt.de\/index.php?rest_route=%2Fwp%2Fv2%2Fcomments&post=23094"}],"version-history":[{"count":9,"href":"https:\/\/perlduekkers-seefahrt.de\/index.php?rest_route=\/wp\/v2\/pages\/23094\/revisions"}],"predecessor-version":[{"id":35658,"href":"https:\/\/perlduekkers-seefahrt.de\/index.php?rest_route=\/wp\/v2\/pages\/23094\/revisions\/35658"}],"up":[{"embeddable":true,"href":"https:\/\/perlduekkers-seefahrt.de\/index.php?rest_route=\/wp\/v2\/pages\/12"}],"wp:attachment":[{"href":"https:\/\/perlduekkers-seefahrt.de\/index.php?rest_route=%2Fwp%2Fv2%2Fmedia&parent=23094"}],"curies":[{"name":"wp","href":"https:\/\/api.w.org\/{rel}","templated":true}]}}