{"id":14,"date":"2014-06-02T15:04:23","date_gmt":"2014-06-02T15:04:23","guid":{"rendered":"http:\/\/wp.perlduekkers-seefahrt.de\/?page_id=14"},"modified":"2018-06-02T09:55:04","modified_gmt":"2018-06-02T09:55:04","slug":"bestellung","status":"publish","type":"page","link":"https:\/\/perlduekkers-seefahrt.de\/?page_id=14","title":{"rendered":"Bestellung"},"content":{"rendered":"<p style=\"text-align: center;\"><strong>Ich w\u00fcnsche allen, die eines meiner B\u00fccher erwerben,<\/strong><\/p>\n<p style=\"text-align: center;\"><strong>viel Spa\u00df und Spannung beim Lesen und eine gute Zeit.<\/strong><\/p>\n<p style=\"text-align: center;\"><strong>Bleiben Sie mir gewogen.<\/strong><\/p>\n<p style=\"text-align: center;\"><a title=\"B\u00fccher\" href=\"https:\/\/perlduekkers-seefahrt.de\/?page_id=12\">Hier geht es zur \u00dcbersicht<\/a><\/p>\n<p style=\"text-align: center;\"><div role=\"form\" class=\"wpcf7\" id=\"wpcf7-f106-o1\" lang=\"de-DE\" dir=\"ltr\">\n<div class=\"screen-reader-response\"><p role=\"status\" aria-live=\"polite\" aria-atomic=\"true\"><\/p> <ul><\/ul><\/div>\n<form action=\"\/index.php?rest_route=%2Fwp%2Fv2%2Fpages%2F14#wpcf7-f106-o1\" method=\"post\" class=\"wpcf7-form init\" novalidate=\"novalidate\" data-status=\"init\">\n<div style=\"display: none;\">\n<input type=\"hidden\" name=\"_wpcf7\" value=\"106\" \/>\n<input type=\"hidden\" name=\"_wpcf7_version\" value=\"5.6.4\" \/>\n<input type=\"hidden\" name=\"_wpcf7_locale\" value=\"de_DE\" \/>\n<input type=\"hidden\" name=\"_wpcf7_unit_tag\" value=\"wpcf7-f106-o1\" \/>\n<input type=\"hidden\" name=\"_wpcf7_container_post\" value=\"0\" \/>\n<input type=\"hidden\" name=\"_wpcf7_posted_data_hash\" value=\"\" \/>\n<\/div>\n<p>Name (Pflichtfeld)<br \/>\n    <span class=\"wpcf7-form-control-wrap\" data-name=\"nachname\"><input type=\"text\" name=\"nachname\" value=\"\" size=\"90\" class=\"wpcf7-form-control wpcf7-text wpcf7-validates-as-required\" aria-required=\"true\" aria-invalid=\"false\" \/><\/span> <\/p>\n<p>Vorname (Pflichtfeld)<br \/>\n    <span class=\"wpcf7-form-control-wrap\" data-name=\"vorname\"><input type=\"text\" name=\"vorname\" value=\"\" size=\"90\" class=\"wpcf7-form-control wpcf7-text wpcf7-validates-as-required\" aria-required=\"true\" aria-invalid=\"false\" \/><\/span> <\/p>\n<p>Stra\u00dfe (Pflichtfeld)<br \/>\n    <span class=\"wpcf7-form-control-wrap\" data-name=\"strasse\"><input type=\"text\" name=\"strasse\" value=\"\" size=\"90\" class=\"wpcf7-form-control wpcf7-text wpcf7-validates-as-required\" aria-required=\"true\" aria-invalid=\"false\" \/><\/span> <\/p>\n<p>Postleitzahl (Pflichtfeld)<br \/>\n    <span class=\"wpcf7-form-control-wrap\" data-name=\"Postleitzahl\"><input type=\"tel\" name=\"Postleitzahl\" value=\"\" size=\"80\" class=\"wpcf7-form-control wpcf7-text wpcf7-tel wpcf7-validates-as-required wpcf7-validates-as-tel\" aria-required=\"true\" aria-invalid=\"false\" \/><\/span> <\/p>\n<p>Ort (Pflichtfeld)<br \/>\n    <span class=\"wpcf7-form-control-wrap\" data-name=\"ort\"><input type=\"text\" name=\"ort\" value=\"\" size=\"90\" class=\"wpcf7-form-control wpcf7-text wpcf7-validates-as-required\" aria-required=\"true\" aria-invalid=\"false\" \/><\/span> <\/p>\n<p>Telefon (Pflichtfeld)<br \/>\n<span class=\"wpcf7-form-control-wrap\" data-name=\"tel-194\"><input type=\"tel\" name=\"tel-194\" value=\"\" size=\"80\" class=\"wpcf7-form-control wpcf7-text wpcf7-tel wpcf7-validates-as-required wpcf7-validates-as-tel\" aria-required=\"true\" aria-invalid=\"false\" \/><\/span> <\/p>\n<p>Ihre E-Mail-Adresse (Pflichtfeld)<br \/>\n    <span class=\"wpcf7-form-control-wrap\" data-name=\"your-email\"><input type=\"email\" name=\"your-email\" value=\"\" size=\"90\" class=\"wpcf7-form-control wpcf7-text wpcf7-email wpcf7-validates-as-required wpcf7-validates-as-email\" aria-required=\"true\" aria-invalid=\"false\" \/><\/span> <\/p>\n<p>Ihre Bestellung (Mehrfachauswahl durch dr\u00fccken der Strg-Taste m\u00f6glich)<br \/>\n<span class=\"wpcf7-form-control-wrap\" data-name=\"Bestellung\"><select name=\"Bestellung[]\" class=\"wpcf7-form-control wpcf7-select wpcf7-validates-as-required\" aria-required=\"true\" aria-invalid=\"false\" multiple=\"multiple\"><option value=\"\">---<\/option><option value=\"11,99 \u20ac - SEEFAHRT! V Jeder Seemann ein Artist, ein Schiff, ein ganzer Zirkus.\">11,99 \u20ac - SEEFAHRT! V Jeder Seemann ein Artist, ein Schiff, ein ganzer Zirkus.<\/option><option value=\"4,99 \u20ac - E-BOOK - SEEFAHRT! V Jeder Seemann ein Artist, ein Schiff, ein ganzer Zirkus.\">4,99 \u20ac - E-BOOK - SEEFAHRT! V Jeder Seemann ein Artist, ein Schiff, ein ganzer Zirkus.<\/option><option value=\"11,99 \u20ac - SEEFAHRT! Von Knochenbrechern, rosa Delphinen und wilden Weibern\">11,99 \u20ac - SEEFAHRT! Von Knochenbrechern, rosa Delphinen und wilden Weibern<\/option><option value=\"4,99 \u20ac - E-BOOK - SEEFAHRT! Von Knochenbrechern, rosa Delphinen und wilden Weibern\">4,99 \u20ac - E-BOOK - SEEFAHRT! Von Knochenbrechern, rosa Delphinen und wilden Weibern<\/option><option value=\"9,90 \u20ac - DIAMANTENFLUCH(T)!\">9,90 \u20ac - DIAMANTENFLUCH(T)!<\/option><option value=\"4,99 \u20ac - E-BOOK - DIAMANTENFLUCH(T)!\">4,99 \u20ac - E-BOOK - DIAMANTENFLUCH(T)!<\/option><option value=\"16,80 \u20ac - Seefahrt 1966 pur und ohne Schn\u00f6rkel\">16,80 \u20ac - Seefahrt 1966 pur und ohne Schn\u00f6rkel<\/option><option value=\"9,99 \u20ac - ...Mord! Anlaufen Nothafen La Coru\u00f1a.\">9,99 \u20ac - ...Mord! Anlaufen Nothafen La Coru\u00f1a.<\/option><option value=\"9,99 \u20ac - KUBA, ganz nah!\">9,99 \u20ac - KUBA, ganz nah!<\/option><option value=\"9,99 \u20ac - Die Jagd nach dem Nazigold\">9,99 \u20ac - Die Jagd nach dem Nazigold<\/option><option value=\"22,20 \u20ac - SEEFAHRT, K\u00dcMO 1969. ALLES UNGESCHMINKT!\">22,20 \u20ac - SEEFAHRT, K\u00dcMO 1969. ALLES UNGESCHMINKT!<\/option><option value=\"15,50 \u20ac - CARIBBEAN FEELING UND EIN URALTES, SPANISCHES GRAB\">15,50 \u20ac - CARIBBEAN FEELING UND EIN URALTES, SPANISCHES GRAB<\/option><option value=\"9,49 \u20ac - E-BOOK - CARIBBEAN FEELING UND EIN URALTES, SPANISCHES GRAB\">9,49 \u20ac - E-BOOK - CARIBBEAN FEELING UND EIN URALTES, SPANISCHES GRAB<\/option><option value=\"9,90 \u20ac - SEEFAHRT! Abenteuer in der Trampschifffahrt\">9,90 \u20ac - SEEFAHRT! Abenteuer in der Trampschifffahrt<\/option><option value=\"4,99 \u20ac - E-BOOK - SEEFAHRT! Abenteuer in der Trampschifffahrt\">4,99 \u20ac - E-BOOK - SEEFAHRT! Abenteuer in der Trampschifffahrt<\/option><\/select><\/span>\n<\/p>\n<p>Bemerkungen<br \/>\n    <span class=\"wpcf7-form-control-wrap\" data-name=\"your-message\"><textarea name=\"your-message\" cols=\"40\" rows=\"10\" class=\"wpcf7-form-control wpcf7-textarea\" aria-invalid=\"false\"><\/textarea><\/span> <\/p>\n<p><span class=\"wpcf7-form-control-wrap\" data-name=\"acceptance-623\"><span class=\"wpcf7-form-control wpcf7-acceptance\"><span class=\"wpcf7-list-item\"><label><input type=\"checkbox\" name=\"acceptance-623\" value=\"1\" aria-invalid=\"false\" \/><span class=\"wpcf7-list-item-label\">Die <a href=\"https:\/\/perlduekkers-seefahrt.de\/?page_id=35256\">Datenschutzerkl\u00e4rung<\/a> habe ich gelesen und stimme dieser hiermit zu.<\/span><\/label><\/span><\/span><\/span><\/p>\n<p><input type=\"submit\" value=\"Senden\" class=\"wpcf7-form-control has-spinner wpcf7-submit\" \/><\/p>\n<div class=\"wpcf7-response-output\" aria-hidden=\"true\"><\/div><\/form><\/div><\/p>\n","protected":false},"excerpt":{"rendered":"<p>Ich w\u00fcnsche allen, die eines meiner B\u00fccher erwerben, viel Spa\u00df und Spannung beim Lesen und eine gute Zeit. Bleiben Sie mir gewogen. Hier geht es zur \u00dcbersicht<\/p>\n","protected":false},"author":1,"featured_media":0,"parent":0,"menu_order":3,"comment_status":"closed","ping_status":"closed","template":"","meta":[],"_links":{"self":[{"href":"https:\/\/perlduekkers-seefahrt.de\/index.php?rest_route=\/wp\/v2\/pages\/14"}],"collection":[{"href":"https:\/\/perlduekkers-seefahrt.de\/index.php?rest_route=\/wp\/v2\/pages"}],"about":[{"href":"https:\/\/perlduekkers-seefahrt.de\/index.php?rest_route=\/wp\/v2\/types\/page"}],"author":[{"embeddable":true,"href":"https:\/\/perlduekkers-seefahrt.de\/index.php?rest_route=\/wp\/v2\/users\/1"}],"replies":[{"embeddable":true,"href":"https:\/\/perlduekkers-seefahrt.de\/index.php?rest_route=%2Fwp%2Fv2%2Fcomments&post=14"}],"version-history":[{"count":4,"href":"https:\/\/perlduekkers-seefahrt.de\/index.php?rest_route=\/wp\/v2\/pages\/14\/revisions"}],"predecessor-version":[{"id":35668,"href":"https:\/\/perlduekkers-seefahrt.de\/index.php?rest_route=\/wp\/v2\/pages\/14\/revisions\/35668"}],"wp:attachment":[{"href":"https:\/\/perlduekkers-seefahrt.de\/index.php?rest_route=%2Fwp%2Fv2%2Fmedia&parent=14"}],"curies":[{"name":"wp","href":"https:\/\/api.w.org\/{rel}","templated":true}]}}